 k(68).
44
Let z(y) = -y**3 - 7*y**2 + 162*y + 635. Calculate z(-15).
5
Let d(h) = 2*h**2 - 40*h + 33. What is d(22)?
121
Let r(q) = 2*q**3 - 24*q**2 - 48*q + 302. Determine r(13).
16
Let i(u) = -2*u**2 + 2417*u + 17010. Determine i(-7).
-7
Let p(r) = r**3 + 25*r**2 - 53*r - 703. What is p(-26)?
-1
Let a(u) = u**2 + 68*u + 1146. Give a(-33).
-9
Let x(c) = -c**2 + 8*c + 32. Determine x(9).
23
Let a(c) = c**2 - 8*c - 5. What is a(7)?
-12
Let p(m) = 119*m - 45. Give p(3).
312
Let f(g) = -g**2 - 941*g - 11160. Calculate f(-12).
-12
Let l(v) = -2*v**3 - 82*v**2 - 297*v - 35. What is l(-37)?
2
Let m(a) = 56*a + 231. Give m(-7).
-161
Let i(d) = -d**3 + 9*d**2 - 3*d - 81. Give i(7).
-4
Let h(c) = c**3 - 13*c**2 - c - 148. Determine h(12).
-304
Let y(c) = -75*c + 592. What is y(8)?
-8
Let i(z) = -z**3 + 64*z**2 + 69*z - 164. Determine i(65).
96
Let c(x) = -5*x**3 - 97*x**2 - 37*x - 14. What is c(-19)?
-33
Let x(f) = -1745*f - 31398. What is x(-18)?
12
Let s(b) = -b**3 - 29*b**2 - 29*b - 101. What is s(-29)?
740
Let y(i) = i**3 + 12*i + 14. Determine y(-1).
1
Let k(r) = -1077*r + 4266. What is k(4)?
-42
Let l(g) = -22*g**2 - 3*g + 2. What is l(1)?
-23
Let n(m) = m**3 - 6*m**2 + 37*m - 321. What is n(7)?
-13
Let g(u) = u**2 - 2*u - 35. Determine g(-5).
0
Let u(f) = -f**3 + 76*f**2 + 291*f - 119. Calculate u(-4).
-3
Let i(h) = 2*h**2 + 244*h + 7440. Determine i(-63).
6
Let u(c) = 60*c**2 - 861*c + 2. Calculate u(14).
-292
Let o(z) = -72*z + 397. Give o(6).
-35
Let g(f) = 16*f - 1113. Determine g(53).
-265
Let z(f) = f**3 + 6*f**2 + 6*f + 84. Determine z(-7).
-7
Let d(p) = -3*p**3 + 52*p + 52. Give d(-1).
3
Let y(k) = 9*k + 214. Determine y(-20).
34
Let s(w) = -19*w - 86. What is s(-8)?
66
Let w(s) = -s**3 - 58*s**2 + 605*s + 140. Determine w(-67).
6
Let p(j) = 10*j**3 + 41*j + 40. What is p(-1)?
-11
Let z(t) = -23*t + 81. Calculate z(3).
12
Let p(h) = h**2 + 3935*h + 19660. What is p(-5)?
10
Let y(c) = -10*c**2 + 24*c - 166. Give y(5).
-296
Let p(b) = 14*b**3 + b + 7. Give p(-2).
-107
Let z(c) = 195*c**2 + 16*c - 2. Calculate z(-1).
177
Let x(r) = -2303*r + 16121. Calculate x(7).
0
Let d(k) = -60*k + 424. What is d(7)?
4
Let j(g) = 6*g + 168. What is j(-29)?
-6
Let f(t) = -2*t**2 + 309*t - 11580. Give f(90).
30
Let p(a) = 16*a**2 - 70*a + 70. Calculate p(1).
16
Let s(k) = -k**3 - 4*k**2 + 15*k - 12. What is s(1)?
-2
Let b(k) = 16*k**3 - 2*k**2 - 5*k - 1. Calculate b(-1).
-14
Let t(v) = 7*v - 95. Give t(-5).
-130
Let l(f) = -2*f**3 - 113*f**2 + 57*f + 3. What is l(-57)?
3
Let i(m) = 10*m**2 - 7*m - 41. Give i(-3).
70
Let f(k) = 6*k + 282. Give f(-46).
6
Let p(b) = -b**3 - 44*b**2 + 105*b + 4617. What is p(-44)?
-3
Let a(h) = 573*h**3 - 3*h**2 + 11*h + 14. Determine a(-1).
-573
Let w(y) = 3*y**3 - 86*y**2 - 133*y + 3028. Determine w(29).
12
Let b(s) = 12*s + 188. Give b(-29).
-160
Let s(b) = -b**3 + 110*b - 34. Determine s(-11).
87
Let g(r) = 4*r**2 + 33*r - 68. What is g(-10)?
2
Let q(o) = -o**2 - 134*o - 646. What is q(-5)?
-1
Let k(i) = -55*i**2 - 10*i + 8. Give k(2).
-232
Let w(l) = l**3 - 47*l**2 + 48*l - 85. Determine w(46).
7
Let x(w) = -w**2 - 41*w - 86. Determine x(-39).
-8
Let o(w) = 1042*w + 5143. What is o(-5)?
-67
Let m(t) = 17*t**2 - 272*t - 283. Determine m(17).
6
Let a(q) = -58*q + 204. Give a(3).
30
Let j(g) = -7*g + 191. What is j(-34)?
429
Let h(d) = 2*d**3 + 3*d**2 - 14*d - 19. Calculate h(-5).
-124
Let i(c) = c**3 - 6*c**2 - 14*c + 46. What is i(2)?
2
Let q(g) = 22*g - 819. What is q(37)?
-5
Let j(b) = 92*b - 731. Calculate j(8).
5
Let d(a) = 17*a - 3655. Calculate d(213).
-34
Let j(v) = -41*v - 244. Determine j(-5).
-39
Let y(l) = -l**3 - 11*l**2 - 23*l - 45. Determine y(-9).
0
Let h(b) = 29*b**3 - b**2 + 11*b - 9. What is h(1)?
30
Let o(p) = 144*p + 1427. Give o(-10).
-13
Let l(f) = -51*f - 3. Calculate l(-1).
48
Let f(a) = 19*a - 28. Calculate f(6).
86
Let d(g) = -g**3 + 5*g**2 - 21*g + 54. Calculate d(4).
-14
Let z(c) = 1128*c - 3412. Calculate z(3).
-28
Let n(u) = u**3 + 20*u**2 + 36*u - 5. Determine n(-18).
-5
Let m(l) = l**3 + 10*l**2 + 16*l + 3. Calculate m(-8).
3
Let g(o) = 25*o + 15. What is g(-19)?
-460
Let n(o) = 10*o**2 + 302*o + 19. Calculate n(-31).
267
Let o(g) = -194*g - 1252. Calculate o(-6).
-88
Let x(f) = -2*f**2 - 1405*f - 13841. Calculate x(-10).
9
Let f(p) = 3*p**2 + 236*p + 4312. Calculate f(-50).
12
Let o(g) = 37*g + 1396. Determine o(-38).
-10
Let z(l) = 81*l + 9. Determine z(-3).
-234
Let g(o) = -1062*o**2 - 3133*o - 8. What is g(-3)?
-167
Let f(k) = -2*k**2 - 512*k - 15084. Determine f(-222).
12
Let c(f) = 365*f - 3660. Calculate c(10).
-10
Let z(l) = -l**2 - 33*l + 327. Give z(0).
327
Let a(t) = -t**3 + t**2 - 5*t - 1. Give a(4).
-69
Let f(i) = -13*i**3 - 47*i**2 + 30*i + 20. Determine f(-4).
-20
Let y(u) = u**3 - 30*u**2 - 411*u - 108. Calculate y(-10).
2
Let g(o) = -65*o + 101. Determine g(1).
36
Let v(t) = 205*t + 386. Give v(-2).
-24
Let s(b) = -b**3 + 2*b**2 + 7*b - 13. Determine s(3).
-1
Let r(z) = 8*z**2 + 85*z + 346. Determine r(-4).
134
Let y(z) = z**3 + z**2 - z - 28. Give y(0).
-28
Let v(n) = -825*n + 5592. Calculate v(7).
-183
Let u(r) = -r**2 + 3*r + 45. Give u(-6).
-9
Let j(l) = -183*l + 932. Calculate j(5).
17
Let y(o) = o**3 - 123*o**2 + 914*o + 28. Determine y(8).
-20
Let v(h) = -h**2 - 28*h + 29. What is v(-28)?
29
Let h(w) = -w**2 - 41*w + 261. Calculate h(-46).
31
Let g(q) = 3*q**2 - 13*q - 243. Give g(-7).
-5
Let u(q) = -379*q - 12062. Give u(-32).
66
Let p(d) = -d**3 + 19*d**2 - 248*d + 5357. Give p(20).
-3
Let c(r) = -r**3 + 9*r**2 + 31*r - 308. What is c(10)?
-98
Let z(y) = y**2 + 125*y - 4994. Determine z(32).
30
Let d(h) = 7*h**2 - 12*h + 2. Calculate d(1).
-3
Let c(s) = 590*s - 2946. Determine c(5).
4
Let q(z) = z**2 - 71*z - 1289. Determine q(86).
1
Let u(a) = -551*a - 17123. What is u(-31)?
-42
Let b(j) = -2*j**3 + 24*j**2 - 78*j + 57. Calculate b(8).
-55
Let x(w) = -762*w - 7636. Give x(-10).
-16
Let t(z) = z**3 - 44*z**2 - 46*z + 60. Give t(45).
15
Let l(p) = -150*p - 891. Determine l(-5).
-141
Let g(z) = z**2 + 66*z + 1089. What is g(-30)?
9
Let j(t) = 418*t + 34695. Calculate j(-83).
1
Let o(j) = -2500*j - 115006. Give o(-46).
-6
Let s(v) = 2*v**3 - 2*v**2 - 20*v + 37. Determine s(2).
5
Let t(x) = 10*x**2 - 110*x - 693. Calculate t(-6).
327
Let i(j) = -26*j - 371. Determine i(-14).
-7
Let a(t) = -2*t - 679. Calculate a(-20).
-639
Let b(o) = 2*o**3 - 71*o**2 - 128*o - 47. What is b(37)?
-676
Let s(p) = -p**2 + 28*p + 611. Calculate s(39).
182
Let t(s) = s**3 - 85*s**2 + 245*s - 124. Determine t(82).
-206
Let q(l) = 85*l + 866. Give q(-10).
16
Let k(r) = -941*r - 44214. Calculate k(-47).
13
Let l(h) = -h**3 - 11*h**2 - h + 46. What is l(-10)?
-44
Let i(o) = o**2 - 37*o - 135. Give i(22).
-465
Let n(x) = -98*x + 2876. Determine n(29).
34
Let r(z) = 87*z**2 + 1183*z + 675. Calculate r(-13).
-1
Let f(j) = -j**3 - 44*j**2 - 155*j - 114. What is f(-40)?
-314
Let q(x) = -15895*x + 3. Calculate q(0).
3
Let c(l) = -6011*l - 258472. Give c(-43).
1
Let r(y) = y**3 + 96*y**2 - 2*y - 204. Calculate r(-96).
-12
Let b(d) = -510*d + 516. Determine b(1).
6
Let g(h) = 54*h - 4975. Calculate g(92).
-7
Let s(i) = -i**2 - 130*i + 5558. Calculate s(-163).
179
Let a(y) = -21*y + 138. Determine a(3).
75
Let g(a) = -18615*a - 223387. Determine g(-12).
-7
Let x(y) = y**3 - 32*y**2 + 77*y - 1482. Calculate x(31).
-56
Let u(x) = 2*x**2 - 7*x + 26. What is u(-7)?
173
Let o(a) = -25*a**2 - 914*a - 2744. Calculate o(-3).
-227
Let l(y) = 8*y**2 + 208*y + 149. Give l(-25).
-51
Let m(c) = c**3 + 14*c**2 + 18*c - 1. Determine m(-6).
179
Let b(d) = d**2 + 48*d - 72. Calculate b(-49).
-23
Let h(z) = z**2 + 3*z + 262. Determine h(0).
262
Let j(s) = 7*s**2 - 403*s + 193. What is j(57)?
-35
Let w(v) = -2*v**3 + 53*v**2 + 30*v + 48. Determine w(27).
129
Let q(p) = p**3 + p**2 - 29*p - 66. What is q(-3)?
3
Let i(k) = -k**2 + 52*k - 244. Give i(27).
431
Let u(y) = -112*y - 169. What is u(-6)?
503
Let t(h) = -4*h**2 - 63*h - 230. Determine t(-4).
-42
Let t(m) = -m**2 - 126*m - 457. Calculate t(-121).
148
Let m(r) = r**3 - 59*r**2 + 56*r + 66. What is m(58)?
-50
Let z(y) = -4*y**3 + 22*y**2 + 39*y - 15. Give z(7).
-36
Let o(l) = -l**3 + 12*l**2 + 152*l - 61. Determine o(-8).
3
Let f(l) = -4*l**3 - 32*l**2 - 7*l - 14